
Does 136 divide 319091904?
True
Does 328 divide 2378202183?
False
Is 1103 a factor of 428572174?
False
Is 649 a factor of 42656174?
True
Is 93 a factor of 126345522?
True
Does 87 divide 7948146?
True
Does 3097 divide 252027506?
False
Is 40946417 a multiple of 416?
False
Is 13 a factor of 692537638?
True
Does 68 divide 319208116?
True
Is 1020 a factor of 30258389?
False
Is 451 a factor of 117709647?
True
Is 269 a factor of 1137165184?
False
Does 3036 divide 1129498278?
False
Is 15648533 a multiple of 251?
False
Is 11850365 a multiple of 2?
False
Does 190 divide 20002820?
True
Is 179 a factor of 1278006799?
False
Is 2304022 a multiple of 9?
False
Is 3 a factor of 67381722?
True
Is 52 a factor of 829101560?
False
Is 1269 a factor of 40989934?
False
Is 8704875 a multiple of 125?
True
Is 46193571 a multiple of 64?
False
Is 1899 a factor of 214127442?
True
Is 16 a factor of 72399744?
True
Does 19 divide 1835906?
False
Is 5056 a factor of 162378496?
True
Is 45 a factor of 34945020?
True
Does 1046 divide 26042262?
True
Does 167 divide 854096818?
False
Is 193 a factor of 1704603674?
False
Does 252 divide 19941009?
False
Is 704853026 a multiple of 3166?
False
Is 948 a factor of 252350964?
True
Is 235521648 a multiple of 48?
True
Does 548 divide 2118942748?
False
Is 169554662 a multiple of 94?
True
Is 722 a factor of 698907913?
False
Is 65552859 a multiple of 174?
False
Is 7 a factor of 220369907?
False
Is 40328366 a multiple of 227?
True
Does 204 divide 213003925?
False
Is 2295181248 a multiple of 32?
True
Is 1392864 a multiple of 352?
True
Is 5 a factor of 12920159?
False
Is 106 a factor of 979187826?
True
Does 600 divide 525358800?
True
Is 49 a factor of 109534910?
False
Is 652785579 a multiple of 7?
False
Is 42696864 a multiple of 672?
True
Does 113 divide 6689125?
False
Does 5211 divide 3815280549?
True
Is 141471257 a multiple of 1691?
False
Does 2792 divide 1495956415?
False
Is 25013439 a multiple of 99?
True
Does 934 divide 107625532?
False
Is 4045591 a multiple of 8?
False
Is 28747390 a multiple of 41?
False
Does 14 divide 28869596?
True
Is 870986973 a multiple of 111?
False
Does 11 divide 201094778?
False
Does 3546 divide 2304368100?
True
Is 13 a factor of 7455639?
False
Does 113 divide 11504761?
False
Does 4168 divide 2573215150?
False
Is 36 a factor of 637755516?
True
Is 976 a factor of 15270456?
False
Does 47 divide 5714683?
True
Is 32 a factor of 374148921?
False
Is 36 a factor of 78527772?
True
Does 56 divide 22602776?
True
Does 14 divide 2383673997?
False
Does 1791 divide 2874513640?
False
Does 102 divide 54506125?
False
Is 5268984 a multiple of 461?
False
Is 555 a factor of 17615145?
True
Is 240 a factor of 17027520?
True
Is 887013566 a multiple of 1399?
True
Is 48 a factor of 1695237696?
True
Is 14 a factor of 92096701?
False
Does 17 divide 285332236?
False
Is 144 a factor of 9364795?
False
Does 27 divide 1007447490?
True
Is 379 a factor of 72010?
True
Does 526 divide 40147970?
False
Does 17 divide 95043175?
True
Is 13873833 a multiple of 93?
True
Does 1032 divide 76538280?
True
Is 28 a factor of 726068?
True
Does 25 divide 74269025?
True
Does 1439 divide 39141403?
False
Is 17 a factor of 1920466251?
True
Is 30688920 a multiple of 72?
True
Does 3694 divide 509720284?
True
Does 151 divide 6961402?
True
Is 317 a factor of 218831236?
False
Is 201846178 a multiple of 4076?
False
Is 1057 a factor of 87935001?
True
Is 2061843208 a multiple of 2066?
True
Is 379950579 a multiple of 9?
True
Is 311 a factor of 22942159?
True
Does 776 divide 78213816?
True
Is 159 a factor of 2112356499?
True
Is 886301307 a multiple of 3164?
False
Does 9 divide 41257313?
False
Does 167 divide 126761016?
True
Does 89 divide 2054522667?
False
Does 16 divide 882271685?
False
Does 29 divide 6228635361?
False
Is 1013 a factor of 508957844?
False
Does 62 divide 859817550?
True
Is 1016597400 a multiple of 430?
True
Is 2117672 a multiple of 124?
True
Is 4 a factor of 159308977?
False
Is 140 a factor of 479143922?
False
Does 290 divide 79993831?
False
Is 1636351820 a multiple of 164?
True
Does 493 divide 6549118?
False
Does 48 divide 150706126?
False
Is 1654 a factor of 42929374?
False
Is 17 a factor of 17713523?
False
Does 85 divide 1224062?
False
Is 29 a factor of 744628563?
True
Does 357 divide 207644570?
False
Is 78 a factor of 82746018?
False
Does 338 divide 12134876?
True
Is 10 a factor of 62789824?
False
Does 253 divide 10933249?
False
Does 31 divide 203984222?
False
Is 1372 a factor of 13585544?
True
Is 218061506 a multiple of 1391?
True
Is 517697568 a multiple of 16?
True
Does 20 divide 61569489?
False
Does 193 divide 697509913?
True
Is 123 a factor of 14919654?
True
Is 49129696 a multiple of 598?
False
Is 1188468485 a multiple of 617?
True
Is 10 a factor of 13121611?
False
Is 275 a factor of 1671674562?
False
Is 966381 a multiple of 12?
False
Does 6 divide 809616374?
False
Does 7742 divide 1550358726?
True
Is 602409765 a multiple of 15?
True
Is 125 a factor of 334387896?
False
Is 36860160 a multiple of 240?
True
Does 252 divide 30766932?
True
Is 1189325177 a multiple of 3293?
False
Is 197 a factor of 12123183?
True
Does 12 divide 13763772?
True
Is 5342755 a multiple of 5?
True
Does 151 divide 11792611?
False
Is 130 a factor of 47803990?
True
Is 86808176 a multiple of 728?
True
Does 28 divide 9279676?
True
Is 592 a factor of 2547968?
True
Is 61615226 a multiple of 7?
False
Is 43 a factor of 390308850?
True
Is 56 a factor of 4625254312?
True
Is 374086899 a multiple of 661?
False
Does 563 divide 17767154?
True
Is 2531798873 a multiple of 79?
True
Is 65322324 a multiple of 36?
True
Is 1255 a factor of 311162190?
True
Is 14796480 a multiple of 40?
True
Does 20 divide 90949150?
False
Is 3823 a factor of 72445850?
True
Is 22 a factor of 1188364496?
True
Is 446077639 a multiple of 7?
True
Is 792394288 a multiple of 14?
True
Is 422027501 a multiple of 7?
True
Is 217 a factor of 27226339?
True
Does 279 divide 185720256?
True
Does 356 divide 1463868084?
True
Does 47 divide 20687520?
True
Does 860 divide 2048309815?
False
Does 60 divide 1288500?
True
Does 321 divide 902370111?
False
Is 142 a factor of 163420016?
False
Does 17 divide 1068144850?
True
Is 39 a factor of 323469900?
True
Does 82 divide 1322768404?
True
Is 27753638 a multiple of 190?
False
Is 618956745 a multiple of 605?
True
Is 11970846 a multiple of 18?
True
Does 949 divide 156929487?
True
Does 266 divide 219977212?
True
Is 1242511 a multiple of 2?
False
Is 207 a factor of 649014966?
True
Is 31733197 a multiple of 1520?
False
Does 29 divide 21426882?
True
Does 2608 divide 210549056?
True
Does 85 divide 5768869590?
True
Does 41 divide 3051312209?
True
Is 232 a factor of 45034912?
True
Does 382 divide 559878682?
True
Does 144 divide 32261075?
False
Does 11 divide 3699907508?
True
Does 638 divide 309744534?
True
Is 17 a factor of 8428226?
True
Is 47613566 a multiple of 1309?
True
Is 31 a factor of 55920466?
True
Does 6441 divide 1395777143?
False
Is 261792162 a multiple of 328?
False
Does 633 divide 68006909?
False
Is 738304135 a multiple of 3277?
False
Is 721 a factor of 24002090?
True
Is 76 a factor of 9001876?
False
Is 221 a factor of 31685731?
False
Is 418540617 a multiple of 411?
True
Is 191205690 a multiple of 1025?
False
Is 664 a factor of 333980164?
False
Does 13 divide 558835?
False
Does 160 divide 583064?
False
Is 6136682 a multiple of 8?
False
Is 12 a factor of 254211506?
False
Is 576233196 a multiple of 301?
True
Is 39 a factor of 1421149243?
False
Does 5541 divide 1102808607?
True
Is 18 a factor of 6850878894?
True
Is 165 a factor of 119332437?
False
Is 109285190 a multiple of 805?
True
Does 12 divide 1385916516?
True
Is 18476475 a multiple of 75?
True
Is 5 a factor of 27971110?
True
Is 594772 a multiple of 8?
False
Is 31819515 a multiple of 195?
True
Is 5116769744 a multiple of 2371?
True
Is 26 a factor of 353062862?
False
Is 58 a factor of 41903288?
False
Is 13981738 a multiple of 82?
True
Does 15 divide 126720495?
True
Is 15 a factor of 402776758?
False
Is 315286216 a multiple of 28?
True
Is 53572352 a multiple of 2?
True
Is 43 a factor of 967140004?
True
Does 1944 divide 848249002?
False
Is 1601 a factor of 36100949?
True
Is 3151899960 a multiple of 2420?
True
Is 17133579 a multiple of 9?
True
